9*m - 6. Is 19 a factor of j(-7)?
True
Let b(d) = -d**3 + 4*d - 3. Let o be b(2). Let m be ((-918)/2)/o*1. Suppose -4*l - 3*p = -0*l - 155, -4*l = p - m. Is l a multiple of 14?
False
Let g be (-4)/3 + 2/(-3). Let z be g + 5 - 5 - -2. Suppose z = s - 9 - 9. Is 9 a factor of s?
True
Suppose -d = 10*d - 660. Is d a multiple of 4?
True
Let r(s) = 4*s**2 + 14*s + 9. Let x(m) = -7*m**2 - 27*m - 19. Let u(g) = 5*r(g) + 3*x(g). Let z be u(-9). Does 15 divide 30/((3 - z)/(-3))?
True
Suppose 6 - 14 = -f. Suppose 3*w - f = -w. Suppose -4*o + w*s = -66, -2*o + 18 = 2*s - 0*s. Does 10 divide o?
False
Suppose -o - 2 = g, -5*o = -4*g - 0*o - 35. Let k(t) = -4*t - 1. Is k(g) a multiple of 11?
False
Let c be (-6)/10 - (-96)/10. Let j = c - 5. Is j even?
True
Suppose -3*z + 10 = -5*k, 4*z - 18 - 30 = -2*k. Is z even?
True
Let t(q) = -q**3 + 9*q**2 - 9*q + 9. Does 11 divide t(6)?
False
Let v(p) = p**2 + 1. Let u be (2/3 + -1)*-3. Let k be v(u). Suppose 2*f + 65 = 4*i + f, k*i = -f + 31. Does 16 divide i?
True
Let j = 47 - 33. Is j a multiple of 14?
True
Suppose -8*g = -3*g - 275. Is 11 a factor of g?
True
Let a = 121 - 236. Let w = -57 - a. Is w a multiple of 27?
False
Let q(j) = -j**2 - 10*j - 2. Let g be q(-4). Suppose -g = -f - f. Is f a multiple of 9?
False
Let h(t) be the third derivative of t**4/3 + 2*t**2. Let a = 2 - 0. Does 8 divide h(a)?
True
Suppose -2*c + 4*c - 120 = 0. Is 15 a factor of c?
True
Suppose -4*m - o + 61 = 0, -o - 2*o + 55 = 4*m. Suppose -2 = -q + m. Does 5 divide q?
False
Suppose -8*i + 3*i - 1 = 3*m, -2*m + 2*i = -10. Suppose -39 = -m*f - 0*f. Is 13 a factor of f?
True
Let g be ((-24)/28)/((-1)/(-7)). Let b be (-3)/(-9) + 20/(-6). Is g/b + -1 - -44 a multiple of 15?
True
Let c = 7 - 10. Let g = c - -17. Is 0 + g*1 + 2 a multiple of 15?
False
Let y = -8 - -14. Let v = y - 4. Suppose -v*w = 2*m - w - 3, -5*w = 4*m + 9. Does 2 divide m?
True
Suppose g + g - 17 = -l, -96 = -4*l - g. Does 5 divide l?
True
Suppose -16 = -3*a + 2. Is 2 a factor of a?
True
Let z(t) = -t**2 + 6*t - 1. Let d be z(5). Suppose -d*x = x + 30. Is (36/30)/(x/(-80)) a multiple of 16?
True
Suppose 0 = -5*u + 3*t + 15, -7*u + 2*u = 2*t - 15. Suppose v - 21 = -4*d, 4*v + 42 = 8*d - u*d. Is d a multiple of 3?
True
Suppose 0 = l + 3*l - 12. Let y = -3 - -5. Suppose 0 = -l*z + y*z + 14. Does 6 divide z?
False
Suppose 4*y - y = 9, 0 = -x + y - 1. Suppose -39 = -2*i + 5*l, -3*i - x*l + 26 = -42. Is i a multiple of 10?
False
Is (-3)/(-15) - 132/(-15) a multiple of 3?
True
Let q(y) be the third derivative of 5*y**4/24 - y**3 + y**2. Does 10 divide q(4)?
False
Suppose -2*x - 3*x + 45 = 0. Let t be 552/x + (-4)/(-6). Suppose 8 = 3*o - o, 3*c - t = -2*o. Does 9 divide c?
True
Let b = -39 - -158. Is 12 a factor of b?
False
Is 4/(-18) + 290/90 a multiple of 3?
True
Let g(h) = h + 2. Let k be g(0). Suppose -d + 10 = d + 5*y, -k*d + 10 = 4*y. Suppose -3*q + d*q - 24 = 0. Is q a multiple of 12?
True
Let a(j) be the first derivative of -21*j**4/4 - 2*j**3/3 - j**2/2 - 2. Is a(-1) a multiple of 10?
True
Suppose 0 = r - 5 - 38. Let d = -30 + r. Does 8 divide d?
False
Suppose 4*d + 3*v = 1, 2*v = -2*d + 4*v + 18. Suppose u - d*p - 1 = 2*u, 30 = 4*u - p. Is 5 a factor of u?
False
Suppose 3*p - 20 = -o, 0*p + 25 = 4*o + p. Let a = -11 - -14. Suppose -o*k - 49 = 5*m - 224, -101 = -a*m + k. Is 17 a factor of m?
True
Let f(z) = 2*z**3 - 4*z**2 - 3*z + 4. Is 14 a factor of f(4)?
True
Let z(x) = x**3 - 10*x**2 - 3*x + 14. Let c be z(10). Let n = c - -23. Is n a multiple of 3?
False
Let o(p) = p**2 + 5*p + 6. Let j be o(-4). Suppose -4*v - j*k + 206 = 0, 2*v + 2*k + 210 = 6*v. Let g = v - -1. Is 20 a factor of g?
False
Let i(j) = j**2 + 4*j. Let c be i(-5). Suppose 3*p = -m + 195, -c*p + 3*m + 237 + 88 = 0. Suppose 0 = -u + 5*l + 35, -12 = -4*u - l + p. Does 10 divide u?
True
Let t(s) = -s**3 + s**2 + s + 65. Does 13 divide t(0)?
True
Suppose 4*i - 6*i + 80 = 0. Is 10 a factor of i?
True
Let o(f) = f**3 - 18*f**2 - f + 23. Does 5 divide o(18)?
True
Suppose -o + 3 = -0*o + b, 0 = -2*o + 4*b + 6. Suppose -o*m + 36 = -m. Is 18 a factor of m?
True
Let i(o) = -2*o**3 - 2*o**2 - o. Suppose 0 = -2*j + 4*m - 2, 0*m + 4*m - 3 = 3*j. Let r be i(j). Let g(q) = 5*q**3 + 1. Is 4 a factor of g(r)?
False
Suppose 16 = h + f - 5, 3*h - f = 83. Does 8 divide h?
False
Let a(u) = u + 3. Is a(7) a multiple of 5?
True
Let i(q) = -2*q**3 + 4*q - 4. Let z be i(3). Let m = 10 - z. Is m a multiple of 12?
False
Let a = -81 - -113. Is 12 a factor of a?
False
Let x(i) = -i**3 - 5*i**2 - 6*i + 1. Let a be x(-5). Suppose -5*q - 85 = -3*m + a, 0 = m + 5*q - 12. Is 8 a factor of m?
True
Let y(k) = k**2 - 2*k + 2. Let q be y(2). Does 13 divide (2/q)/((-1)/(-13))?
True
Suppose 5 = 5*f - 4*c + 80, -2*c = -3*f - 45. Let h = f - -11. Is 12 a factor of h/(-2 + (-10)/(-6))?
True
Suppose b + 2*y = -0*y - 2, -b - y = 0. Suppose -180 = -b*v - 3*v. Is 18 a factor of v?
True
Let b = 51 + -31. Let u = 41 - b. Is 8 a factor of u?
False
Let w(h) = -h**3 + 8*h**2 + 4*h + 19. Does 19 divide w(8)?
False
Let n = 39 - 2. Is 25 a factor of n?
False
Suppose 114 + 78 = 4*r. Does 12 divide r?
True
Let c be -3*2/(-12)*2. Is -4*(c - (9 + -1)) a multiple of 11?
False
Let h(w) be the second derivative of -w**3 - w**2/2 + w. Let o(n) = n**3 + 5*n**2 - 6*n - 4. Let c be o(-6). Is 16 a factor of h(c)?
False
Let k(r) = -r**2 - 6*r - 6. Let u be k(-6). Let d = u - -4. Does 9 divide d + 22/2 + 2?
False
Suppose 3*c = 5*c - 8, 0 = -3*u + 5*c - 26. Is 10 a factor of 4*14/4 - u?
False
Let s = -25 + 34. Suppose 0 = -0*w + 2*w - 10. Suppose s*b - w*b = 64. Is 8 a factor of b?
True
Suppose -2*s + s + 92 = 0. Suppose -s = -3*t - 26. Suppose 5*b = -d + 26, 5*b - 12 - t = d. Is b a multiple of 5?
False
Let z be (-6)/(-2 + (-1 - -1)). Suppose 64 = 4*q - 5*f - 16, -z*f + 100 = 5*q. Is 12 a factor of q?
False
Does 20 divide (1 + -37)*(-5)/3?
True
Let k = -24 - -43. Let p = k - -27. Is p a multiple of 14?
False
Suppose 0*a = -2*a. Suppose -4*i - i + 15 = 0. Suppose -i*m + 5*s + 41 = -a*m, 5*m - 2*s = 62. Is m a multiple of 6?
True
Let k be 58/5 - 10/(-25). Suppose -2*b = -0*b - k. Is b a multiple of 3?
True
Let q = 3 + -3. Let n(t) = t**3 + 7*t**2 + 3*t. Let k be n(-5). Suppose q = -z + 6*z - k. Does 7 divide z?
True
Suppose -o - 4*o - 7 = -r, 5*o = -4*r - 22. Let v = r + 8. Is v a multiple of 5?
True
Suppose -2*c - c = -24. Suppose -2*w - 2*w - c = 0. Is 50*(-3)/6*w a multiple of 17?
False
Suppose 5*b - 3*b + 4 = -2*m, -22 = -3*b + 4*m. Is (3/b)/((-1)/(-10)) a multiple of 5?
True
Let s(q) = q**3 - 8*q**2 - q + 7. Let h be s(8). Let r be 1 - (1/h + 1). Suppose b = f - r - 4, 4*b = 5*f - 25. Is 2 a factor of f?
False
Suppose 162 = 4*c + 50. Let n be (6/8)/(7/c). Suppose 0 = 2*q - 2, -3*q + q = n*l - 56. Is 8 a factor of l?
False
Let s(b) = -b**2 + b + 5*b**3 + 61*b**3 + 16 - 16. Is 11 a factor of s(1)?
True
Suppose -5*x + 32 = -x + 2*m, 0 = -5*m - 20. Suppose 0 = p - 2*k - x, -18 = -4*p - 2*k + 42. Suppose -84 = -5*a - p. Is 10 a factor of a?
False
Let p be (4/3)/(4/6). Let f be ((-7)/p)/((-3)/6). Suppose 3*q + 32 = f*q. Does 8 divide q?
True
Suppose 0 = 3*s + r + 18, 5 = -5*s + s + 5*r. Let o(c) = c**2 + 5*c + 3. Let z be o(s). Suppose 0 = -2*u - z*v + 43, -9 = -u + v + 10. Does 7 divide u?
False
Let j(w) = -w + 0*w**2 + 3*w**2 - 6 + 2*w**2 - 4*w**2. Is j(5) a multiple of 7?
True
Suppose 2*w = -3*w. Suppose -m - j + 9 = 0, w*m = -2*m - 3*j + 19. Suppose -m + 58 = 5*c. Is c a multiple of 7?
False
Let c(y) = -2*y**2 + y + y**3 - 2*y**3 - 2*y + 1. Is 3 a factor of c(-2)?
True
Let p = 320 - 53. Let s = p + -119. Is 14 a factor of (-6)/9 + s/6?
False
Let v(t) = 2*t**2 - t - 1. Suppose 0 = 3*w - 3, 3*q = -0*q - 5*w + 5. Let o be q - ((-9)/3 - 0). Is v(o) a multiple of 7?
True
Let l(m) = -m**2 - 10*m + 1. Let n(j) = -j - 2. Let u be n(7). Does 4 divide l(u)?
False
Let c be (-4)/(-6) - (-2)/(-3). Suppose 4*l = -c*l + 20. Suppose 2*g = -l*m - 4, 5*m + 28 = 2*g - g. Is 4 a factor of g?
True
Let n(j) = -5 + 13*j**2 - j**3 + 11*j**2 - 9*j - 13*j**2. Let v = 36 - 26. Is 5 a factor of n(v)?
True
Let i(t) = t**3 + 5*t**2 - 6*t + 4. Let r(u) = -u**2 + 6*u - 6. Let f be r(6). Is 2 a factor of i(f)?
True
Suppose 12 = -2*n + 2*l + l, 3*l = n + 12. Suppose -1 = w + 2, n = i + 2*w - 8. Does 8